ue
Does 1534 divide 59678628?
False
Is 115323855 a multiple of 305?
True
Is 135 a factor of 668355965?
False
Does 240 divide 90960720?
True
Does 7 divide 2595257?
True
Is 373035767 a multiple of 531?
False
Does 35 divide 30893647?
False
Is 740 a factor of 66267740?
True
Does 267 divide 4986225?
True
Does 4 divide 1495792?
True
Is 21 a factor of 90571530?
True
Is 20 a factor of 10416560?
True
Does 49 divide 128941197?
True
Is 30 a factor of 192088800?
True
Is 59 a factor of 14716759?
False
Does 691 divide 64794379?
True
Does 28 divide 235158532?
True
Is 508747974 a multiple of 21?
True
Is 186517292 a multiple of 100?
False
Does 416 divide 683516253?
False
Is 154624744 a multiple of 67?
True
Is 189249130 a multiple of 7?
True
Is 238 a factor of 94016131?
False
Is 4003 a factor of 217863275?
True
Is 5269 a factor of 2706000333?
False
Does 57 divide 22614351?
True
Is 1582 a factor of 322810264?
True
Is 244 a factor of 93974422?
False
Is 50 a factor of 1437877?
False
Does 305 divide 16779376?
False
Is 186191733 a multiple of 1443?
True
Is 6299280 a multiple of 5?
True
Is 5 a factor of 350326892?
False
Does 523 divide 85063422?
False
Does 153 divide 447327018?
True
Is 232 a factor of 28713065?
False
Is 16207 a factor of 3042151142?
True
Does 9 divide 46033270?
False
Is 359 a factor of 29930881?
False
Is 33 a factor of 77699803?
False
Is 387 a factor of 978841221?
False
Is 64 a factor of 4383261888?
True
Is 668 a factor of 8890412?
True
Does 1239 divide 106975260?
True
Does 86 divide 45532356?
True
Is 21042198 a multiple of 18?
True
Is 18918790 a multiple of 85?
True
Is 303 a factor of 100787346?
False
Is 2122 a factor of 8246092?
True
Is 430873317 a multiple of 2989?
True
Does 1253 divide 1858009797?
True
Is 1458231 a multiple of 43?
False
Is 72632332 a multiple of 1591?
True
Does 143 divide 219484808?
False
Does 32 divide 445093441?
False
Does 12 divide 1643967857?
False
Is 52967616 a multiple of 32?
True
Is 23 a factor of 330959859?
False
Is 2307 a factor of 424160406?
True
Does 7 divide 17735905?
False
Is 293 a factor of 419913536?
True
Does 1274 divide 57987384?
True
Does 13 divide 2922002543?
False
Is 9230255 a multiple of 59?
True
Is 647 a factor of 301701276?
True
Is 196003035 a multiple of 4141?
False
Does 223 divide 31107162?
True
Is 184922412 a multiple of 11?
False
Is 6 a factor of 86368231?
False
Is 516791408 a multiple of 271?
False
Is 4048817 a multiple of 31?
True
Is 700183440 a multiple of 432?
True
Is 4 a factor of 1335226?
False
Is 5657839 a multiple of 226?
False
Is 200 a factor of 335109?
False
Does 334 divide 93713720?
True
Does 158 divide 393579081?
False
Is 12 a factor of 6790383659?
False
Is 175350844 a multiple of 4?
True
Is 24952332 a multiple of 46?
True
Does 14 divide 3235985?
False
Is 262 a factor of 190348633?
False
Is 367679380 a multiple of 59?
False
Is 133 a factor of 119145257?
True
Is 179159416 a multiple of 151?
False
Is 14 a factor of 124754705?
False
Is 9 a factor of 94173312?
False
Is 30 a factor of 552629070?
True
Is 43243500 a multiple of 227?
True
Is 96 a factor of 8495232?
True
Is 320637595 a multiple of 85?
True
Is 204 a factor of 594431827?
False
Is 741 a factor of 13266123?
True
Is 341845326 a multiple of 537?
False
Is 2139280416 a multiple of 1638?
True
Is 437366975 a multiple of 276?
False
Is 99175829 a multiple of 202?
False
Is 430 a factor of 26200760?
True
Is 459 a factor of 399665272?
False
Does 25 divide 181695250?
True
Is 271 a factor of 2516746024?
False
Does 2812 divide 4976873628?
False
Is 36 a factor of 16649172?
True
Is 901984538 a multiple of 26?
True
Does 623 divide 1297353890?
True
Is 39 a factor of 45000072?
True
Does 34 divide 2449446450?
False
Is 399 a factor of 370421570?
False
Is 2216992194 a multiple of 774?
True
Is 299139730 a multiple of 36?
False
Is 129724168 a multiple of 15?
False
Does 726 divide 14872101?
False
Is 693 a factor of 382046742?
True
Is 54430096 a multiple of 413?
True
Is 14 a factor of 716100450?
False
Does 16 divide 961668176?
True
Is 438519100 a multiple of 1285?
True
Is 1214510814 a multiple of 594?
True
Is 128639088 a multiple of 558?
True
Does 13 divide 67843074?
True
Is 36916542 a multiple of 1422?
True
Is 17 a factor of 838040678?
False
Is 49 a factor of 3240235?
False
Is 30288615 a multiple of 343?
True
Is 127255312 a multiple of 19?
True
Is 40530860 a multiple of 3044?
True
Is 785 a factor of 712575380?
False
Is 2 a factor of 435700?
True
Is 933967590 a multiple of 1802?
True
Does 161 divide 3214043?
True
Does 38 divide 55655180?
True
Does 45 divide 14495310?
True
Does 11 divide 136993868?
True
Does 2450 divide 451294900?
True
Is 142 a factor of 489341230?
True
Is 411995259 a multiple of 5009?
True
Is 2 a factor of 11664341?
False
Is 11 a factor of 3530860398?
False
Does 186 divide 34900854?
True
Does 13 divide 1575470590?
False
Does 15 divide 10070228?
False
Does 828 divide 153404388?
True
Is 138495084 a multiple of 91?
True
Is 523483359 a multiple of 2339?
False
Is 206 a factor of 608737004?
True
Is 162 a factor of 56878200?
True
Is 1118 a factor of 15223278?
False
Does 167 divide 409629958?
True
Is 1030 a factor of 545023450?
False
Is 6 a factor of 9609204?
True
Is 19 a factor of 35026633?
True
Does 6254 divide 217472929?
False
Does 1944 divide 242589816?
True
Is 1174 a factor of 910276413?
False
Is 90 a factor of 333793620?
True
Does 1578 divide 786305905?
False
Does 31 divide 167596502?
False
Is 621 a factor of 934698448?
False
Is 78707578 a multiple of 100?
False
Is 213 a factor of 38450695?
False
Is 287008960 a multiple of 160?
True
Does 158 divide 454587646?
True
Does 6 divide 1908959544?
True
Does 13 divide 62284196?
True
Does 4106 divide 572084874?
True
Is 2 a factor of 15521757?
False
Does 3928 divide 56916687?
False
Is 2872320 a multiple of 528?
True
Is 6271138 a multiple of 55?
False
Does 15 divide 12439226?
False
Is 18114180 a multiple of 295?
True
Is 58044814 a multiple of 21?
False
Is 792 a factor of 134793648?
True
Does 85 divide 1028268885?
True
Does 291 divide 733385184?
True
Does 1169 divide 23058525?
True
Is 99 a factor of 89725284?
True
Does 234 divide 169874034?
False
Does 2 divide 2885674?
True
Is 82 a factor of 4964444?
True
Is 74 a factor of 987726692?
True
Is 62 a factor of 13257832?
True
Does 11 divide 993652?
True
Is 6842128 a multiple of 16?
True
Is 22796048 a multiple of 17?
True
Is 2825955 a multiple of 45?
True
Does 15 divide 61706535?
True
Does 14 divide 166573484?
True
Is 36 a factor of 16427556?
True
Is 1298 a factor of 103654386?
True
Is 7 a factor of 915299?
True
Is 64205250 a multiple of 25?
True
Is 11 a factor of 54765150?
True
Is 8455 a factor of 2017117805?
True
Does 7 divide 78887372?
False
Does 271 divide 876533825?
False
Does 1541 divide 20139697?
False
Is 5325 a factor of 234805875?
True
Does 80 divide 525720320?
True
Is 102 a factor of 26166027?
False
Is 6331878 a multiple of 9?
True
Is 4005820 a multiple of 13?
True
Is 27 a factor of 523341?
True
Does 400 divide 189764510?
False
Is 851268431 a multiple of 7176?
False
Is 971193140 a multiple of 1521?
False
Is 9 a factor of 25636698?
True
Is 5 a factor of 9016865?
True
Does 21 divide 224627647?
False
Is 19 a factor of 61212031?
False
Does 200 divide 27685800?
True
Does 1313 divide 7146659?
True
Does 46 divide 71591667?
False
Is 17 a factor of 31367600?
False
Is 14912344 a multiple of 535?
False
Is 219555 a multiple of 35?
True
Is 1156 a factor of 62970683?
False
Does 458 divide 36599238?
True
Is 336834856 a multiple of 525?
False
Is 36 a factor of 5656014026?
False
Is 15515754 a multiple of 69?
True
Is 66 a factor of 211071843?
False
Does 508 divide 6926799456?
True
Does 18 divide 3126701375?
False
Does 1706 divide 64195074?
True
Is 36681216 a multiple of 512?
True
Is 712 a factor of 217632768?
True
Is 6706842 a multiple of 74?
True
Is 543324825 a multiple of 205?
True
Does 1581 divide 4527984?
True
Is 3295 a factor of 83732540?
True
Is 1907780700 a multiple of 420?
True
Is 167246493 a multiple of 6?
False
Is 19974031 a multiple of 1309?
True
Is 2118 a factor of 5585166?
True
Does 63 divide 87683274?
True
Is 2305373 even?
False
Is 531 a factor of 27453653?
False
Is 878 a factor of 133150456?
True
Is 26334020 a multiple of 365?
True
Does 62 divide 18362416